{"id":19,"date":"2014-07-22T23:38:55","date_gmt":"2014-07-22T23:38:55","guid":{"rendered":"http:\/\/france-energy.com\/?page_id=19"},"modified":"2023-01-27T00:33:55","modified_gmt":"2023-01-27T00:33:55","slug":"accueil","status":"publish","type":"page","link":"https:\/\/france-energy.com\/","title":{"rendered":"Accueil"},"content":{"rendered":"<p style=\"text-align: center; font-size: 20px;\"><em><strong>Laissez vous guider et construisez le monde de demain&#8230;<\/strong><\/em><\/p>\n<div class=\"hjj zI7 iyn Hsu\">\n<div class=\"zI7 iyn Hsu\" data-test-id=\"CloseupDescriptionContainer\">\n<div class=\"zI7 iyn Hsu\" data-test-id=\"main-pin-description-text\">\n<div class=\"CCY czT eEj FTD L4E DI9 BG7\" tabindex=\"0\" role=\"button\" aria-disabled=\"false\">\n<div class=\"zI7 iyn Hsu\">\n<h3><strong><span class=\"tBJ dyH iFc sAJ O2T zDA IZT swG\" style=\"color: #000000;\">Depuis plus de 10 ans,<\/span><\/strong><\/h3>\n<h4><span style=\"color: #000000;\"><span class=\"tBJ dyH iFc sAJ O2T zDA IZT swG\"> France energy met toutes ses comp\u00e9tences et son savoir faire au service des particuliers et des professionnels pour vous faciliter l&rsquo;acc\u00e8s aux\u00a0<\/span><span class=\"tBJ dyH iFc sAJ O2T zDA IZT swG\">\u00e9nergies renouvelables afin de r\u00e9duire vos consommations \u00e9nerg\u00e9tiques.<\/span><\/span><\/h4>\n<\/div>\n<\/div>\n<\/div>\n<\/div>\n<\/div>\n<div class=\"Hvp Jea b8T gjz ujU zI7 iyn Hsu\" data-test-id=\"CloseupUserRep\">\n<div class=\"zI7 iyn Hsu\" data-test-id=\"user-rep\">\n<div class=\"Jea b8T gjz sLG zI7 iyn Hsu\">\n<div class=\"gjz hs0 un8 C9i TB_\">\n<div class=\"Eqh wc1 zI7 iyn Hsu\">\n<div class=\"zI7 iyn Hsu\" data-test-id=\"avatar-image\">\n<div class=\"zI7 iyn Hsu\" aria-label=\"Avatar de l'utilisateur\">\n<div class=\"hs0 un8 C9i TB_\">\n<div class=\"zI7 iyn Hsu\" aria-hidden=\"true\">\n<div class=\"XiG zI7 iyn Hsu\">\n<div class=\"\">\n<div class=\"INd XiG zI7 iyn Hsu\" data-test-id=\"gestalt-avatar-svg\">\n<div class=\"Pj7 sLG XiG INd m1e\">\n<div class=\"XiG zI7 iyn Hsu\"><\/div>\n<div class=\"KPc MIw ojN Rym p6V QLY\"><\/div>\n<\/div>\n<\/div>\n<\/div>\n<\/div>\n<\/div>\n<\/div>\n<\/div>\n<\/div>\n<\/div>\n<div class=\"jzS un8 C9i TB_\">\n<div class=\"hs0 un8 C9i TB_\">\n<div class=\"zI7 iyn Hsu\" data-test-id=\"username\">\n<div class=\"CCY czT eEj FTD L4E DI9 BG7\" tabindex=\"0\" role=\"button\" aria-disabled=\"false\"><\/div>\n<\/div>\n<\/div>\n<\/div>\n<\/div>\n<\/div>\n<\/div>\n<\/div>\n<p style=\"text-align: center; font-size: 20px;\"><!--more--><\/p>\n","protected":false},"excerpt":{"rendered":"<p>Laissez vous guider et construisez le monde de demain&#8230; Depuis plus de 10 ans, France energy met toutes ses comp\u00e9tences et son savoir faire au service des particuliers et des professionnels pour vous faciliter l&rsquo;acc\u00e8s aux\u00a0\u00e9nergies renouvelables afin de r\u00e9duire vos consommations \u00e9nerg\u00e9tiques.<\/p>\n","protected":false},"author":1,"featured_media":0,"parent":0,"menu_order":0,"comment_status":"closed","ping_status":"closed","template":"","meta":[],"_links":{"self":[{"href":"https:\/\/france-energy.com\/index.php?rest_route=\/wp\/v2\/pages\/19"}],"collection":[{"href":"https:\/\/france-energy.com\/index.php?rest_route=\/wp\/v2\/pages"}],"about":[{"href":"https:\/\/france-energy.com\/index.php?rest_route=\/wp\/v2\/types\/page"}],"author":[{"embeddable":true,"href":"https:\/\/france-energy.com\/index.php?rest_route=\/wp\/v2\/users\/1"}],"replies":[{"embeddable":true,"href":"https:\/\/france-energy.com\/index.php?rest_route=%2Fwp%2Fv2%2Fcomments&post=19"}],"version-history":[{"count":27,"href":"https:\/\/france-energy.com\/index.php?rest_route=\/wp\/v2\/pages\/19\/revisions"}],"predecessor-version":[{"id":665,"href":"https:\/\/france-energy.com\/index.php?rest_route=\/wp\/v2\/pages\/19\/revisions\/665"}],"wp:attachment":[{"href":"https:\/\/france-energy.com\/index.php?rest_route=%2Fwp%2Fv2%2Fmedia&parent=19"}],"curies":[{"name":"wp","href":"https:\/\/api.w.org\/{rel}","templated":true}]}}