{"id":204,"date":"2016-04-04T14:38:41","date_gmt":"2016-04-04T14:38:41","guid":{"rendered":"http:\/\/france-energy.com\/?page_id=204"},"modified":"2021-01-04T21:31:46","modified_gmt":"2021-01-04T21:31:46","slug":"ma-prime-renov-et-prime-coup-de-pouce","status":"publish","type":"page","link":"https:\/\/france-energy.com\/?page_id=204","title":{"rendered":"Ma Prime r\u00e9nov&rsquo; et prime coup de pouce"},"content":{"rendered":"<div id=\"block-economie-page-title\" class=\"block block-core block-page-title-block\">\n<h1 class=\"page-title\"><span class=\"field field--name-title field--type-string field--label-hidden\">MaPrimeR\u00e9nov&rsquo; : la nouvelle prime pour la r\u00e9novation \u00e9nerg\u00e9tique<\/span><\/h1>\n<\/div>\n<div id=\"block-economie-content\" class=\"block block-system block-system-main-block\">\n<article class=\"node node--type-article node--view-mode-full particulier\" role=\"article\" data-history-node-id=\"84448\">\n<div class=\"article--infos\">\n<div class=\"\">\n<div class=\"field__item\"><a href=\"https:\/\/www.economie.gouv.fr\/toutes-les-actualites-vous-orienter\/thematique\/aides-et-credits-d-impot-7087\">Aides et cr\u00e9dits d&rsquo;imp\u00f4t<\/a><\/div>\n<\/div>\n<\/div>\n<div class=\"node__content\">\n<div class=\"clearfix text-formatted field field--name-field-chapo field--type-text-long field--label-hidden field__item\">\n<p>Besoin de financer des travaux pour am\u00e9liorer le confort de votre logement ? Connaissez-vous MaPrimeR\u00e9nov&rsquo; ? En octobre 2020, cette aide de l&rsquo;\u00c9tat pour la r\u00e9novation \u00e9nerg\u00e9tique est renforc\u00e9e dans le cadre du\u00a0<strong><a href=\"https:\/\/www.economie.gouv.fr\/plan-de-relance\">Plan de relance<\/a><\/strong>. Pouvez-vous en b\u00e9n\u00e9ficier ? Quel est son montant ?<\/p>\n<\/div>\n<div class=\"field field--name-field-paragraphes field--type-entity-reference-revisions field--label-hidden field__items\">\n<div class=\"field__item\">\n<div class=\"paragraph paragraph--type--contenu-libre paragraph--view-mode--default\">\n<div class=\"clearfix text-formatted field field--name-field-contenu-libre field--type-text-long field--label-hidden field__item\">\n<h2>MaPrimeR\u00e9nov&rsquo; : qu\u2019est-ce que c\u2019est\u00a0?<\/h2>\n<p>Lanc\u00e9e le 1<sup>er<\/sup>\u00a0janvier 2020, MaPrimeR\u00e9nov&rsquo; remplace le\u00a0<a href=\"https:\/\/www.economie.gouv.fr\/particuliers\/credit-impot-transition-energetique-cite\">cr\u00e9dit d\u2019imp\u00f4t pour la transition \u00e9nerg\u00e9tique (CITE)<\/a>\u00a0et les aides de l\u2019<a class=\"ext\" title=\"\u00ab anah.fr \u00bb dans une nouvelle fen\u00eatre\" href=\"https:\/\/www.anah.fr\/\" target=\"_blank\" rel=\"noopener noreferrer\">Agence nationale de l\u2019Habitat (Anah)<\/a>\u00a0\u00ab\u00a0Habiter mieux agilit\u00e9\u00a0\u00bb. Dans le cadre du\u00a0<a href=\"https:\/\/www.economie.gouv.fr\/plan-de-relance\">Plan de relance de l&rsquo;\u00e9conomie<\/a>, le\u00a0<strong>dispositif a \u00e9t\u00e9 renforc\u00e9 depuis le 1<sup>er<\/sup>\u00a0octobre 2020<\/strong>.<\/p>\n<p>MaPrimeR\u00e9nov&rsquo; est d\u00e9sormais\u00a0<strong>accessible \u00e0 tous les propri\u00e9taires et \u00e0 toutes les copropri\u00e9t\u00e9s<\/strong>. Plusieurs bonifications sont \u00e9galement mises en place :<\/p>\n<ul>\n<li>un bonus sortie de passoire (lorsque les travaux permettent de sortir le\u00a0 logement de l\u2019\u00e9tat de passoire thermique &#8211; \u00e9tiquette \u00e9nergie F ou G)<\/li>\n<li>un bonus b\u00e2timent basse consommation (pour r\u00e9compenser l\u2019atteinte de l\u2019\u00e9tiquette \u00e9nergie B ou A)<\/li>\n<li>un forfait r\u00e9novation globale (pour les m\u00e9nages aux revenus interm\u00e9diaires et sup\u00e9rieurs afin d\u2019encourager les bouquets de travaux)<\/li>\n<li>un forfait assistance \u00e0 ma\u00eetrise d&rsquo;ouvrage (pour les m\u00e9nages souhaitant se faire accompagner dans la r\u00e9alisation de leurs travaux).<\/li>\n<\/ul>\n<h2>MaPrimeR\u00e9nov&rsquo; : qui peut en b\u00e9n\u00e9ficier\u00a0?<\/h2>\n<p><sup>\u00a0<\/sup>MaPrimeR\u00e9nov&rsquo; est ouverte \u00e0\u00a0<strong>l&rsquo;ensemble des propri\u00e9taires depuis le 1<sup>er<\/sup>\u00a0octobre 2020,<\/strong>\u00a0et ce quels que soient vos revenus, que vous occupiez votre logement ou que vous le mettiez en location.<\/p>\n<p>MaPrimeR\u00e9nov&rsquo; est\u00a0<strong>aussi accessible aux copropri\u00e9t\u00e9s<\/strong>\u00a0pour les travaux dans les parties communes.<\/p>\n<h2>MaPrimeR\u00e9nov&rsquo; : pour quels montants et quels travaux ?<\/h2>\n<p>MaPrimeR\u00e9nov&rsquo; permet de financer les travaux d\u2019isolation, de chauffage, de ventilation ou d\u2019audit \u00e9nerg\u00e9tique d\u2019une maison individuelle ou d\u2019un appartement en habitat collectif. Les travaux doivent avoir \u00e9t\u00e9 effectu\u00e9s par des\u00a0<a class=\"ext\" title=\"\u00ab faire.gouv.fr \u00bb dans une nouvelle fen\u00eatre\" href=\"https:\/\/www.faire.gouv.fr\/trouvez-un-professionnel\" target=\"_blank\" rel=\"noopener noreferrer\">entreprises labellis\u00e9es RGE (reconnues garantes pour l\u2019environnement)<\/a>.<\/p>\n<p>Le montant de la prime est forfaitaire. Il est calcul\u00e9 en fonction des revenus du foyer et du gain \u00e9cologique permis par les travaux.<\/p>\n<p>Pour chaque profil, correspond un montant de prime en fonction de la nature des travaux engag\u00e9s.\u00a0<\/p>\n<p>Le\u00a0<a class=\"ext\" title=\"\u00ab ecologie.gouv.fr \u00bb dans une nouvelle fen\u00eatre\" href=\"https:\/\/www.ecologie.gouv.fr\/\" target=\"_blank\" rel=\"noopener noreferrer\">minist\u00e8re de la Transition \u00e9cologique et solidaire<\/a>\u00a0a \u00e9galement \u00e9labor\u00e9 un dossier dans lequel vous retrouverez les nouveaux bar\u00e8mes.<\/p>\n<h2>MaPrimeR\u00e9nov&rsquo; : comment en b\u00e9n\u00e9ficier\u00a0?<\/h2>\n<p>Les travaux ayant fait l&rsquo;objet de devis et commenc\u00e9s\u00a0<strong>depuis le 1<sup>er<\/sup>\u00a0octobre 2020<\/strong>\u00a0sont \u00e9ligibles aux nouvelles modalit\u00e9s de l&rsquo;aide,\u00a0<strong>les dossiers de demande d&rsquo;aide MaPrimeR\u00e9nov&rsquo; pouvant \u00eatre d\u00e9pos\u00e9s \u00e0 compter du 1<sup>er<\/sup>\u00a0janvier 2021 sur le site<\/strong>\u00a0<strong><a class=\"ext\" title=\"\u00ab maprimerenov.gouv.fr \u00bb dans une nouvelle fen\u00eatre\" href=\"https:\/\/www.maprimerenov.gouv.fr\/prweb\/PRAuth\/BPNVwCpLW8TKW49zoQZpAw%5B%5B*\/!STANDARD\" target=\"_blank\" rel=\"noopener noreferrer\">www.maprimerenov.gouv.fr<\/a><\/strong>. Mais attention, dans ce cas, il est n\u00e9cessaire de bien v\u00e9rifier l\u2019\u00e9ligibilit\u00e9 des travaux pr\u00e9vus et le montant de l&rsquo;aide \u00e0 laquelle vous pouvez pr\u00e9tendre selon votre profil.\u00a0<\/p>\n<h2>MaPrimeR\u00e9nov&rsquo; : est-elle cumulable\u00a0?<\/h2>\n<p><strong>Oui.<\/strong>\u00a0Ma primeR\u00e9nov&rsquo; est cumulable avec d\u2019autres aides \u00e0 la r\u00e9novation \u00e9nerg\u00e9tique comme les Certificats d&rsquo;energies (CEE), la prime coup de pouce, ou encore les aides des collectivit\u00e9s locales ou celles d&rsquo;Action logement. Par ailleurs, vos travaux b\u00e9n\u00e9ficient d&rsquo;un taux r\u00e9duit de\u00a0<a href=\"https:\/\/www.economie.gouv.fr\/particuliers\/tva-taux-reduits-travaux\">TVA \u00e0 5,5 %<\/a>.<\/p>\n<\/div>\n<\/div>\n<\/div>\n<\/div>\n<\/div>\n<\/article>\n<\/div>\n<p>Pour plus d&rsquo;informations, consultez le site de l&rsquo;<a href=\"http:\/\/www.ademe.fr\/particuliers-eco-citoyens\/financer-projet\/renovation\/dossier\/credit-dimpot\/credit-dimpot-transition-energetique-2016\">ADEME\u00a0<\/a><\/p>\n<h3><strong>PRIME COUP DE POUCE<\/strong><\/h3>\n<p>a prime \u00e9nergie dite aussi\u00a0<span class=\"expression\"><em>Coup de pouce \u00e9conomies d&rsquo;\u00e9nergie<\/em><\/span>\u00a0permet de payer des d\u00e9penses pour le remplacement de son chauffage ou faire des travaux d&rsquo;isolation.<\/p>\n<p>Elle est vers\u00e9e par les signataires des chartes\u00a0<span class=\"expression\"><em>Coup de pouce chauffage<\/em><\/span>\u00a0et\/ou\u00a0<span class=\"expression\"><em>Coup de pouce Isolation<\/em><\/span>, c&rsquo;est-\u00e0-dire principalement les vendeurs d&rsquo;\u00e9nergie.<\/p>\n<p>Cette prime peut \u00eatre demand\u00e9e jusqu&rsquo;au 31 d\u00e9cembre 2021.<\/p>\n<p>Tous les\u00a0<dfn><a title=\"m\u00e9nages : Ensemble des occupants d'un m\u00eame logement sans que ces personnes soient n\u00e9cessairement unies par des liens de parent\u00e9 (cohabitation, par exemple). Un m\u00e9nage peut \u00eatre compos\u00e9 d'une seule personne.\" href=\"https:\/\/www.service-public.fr\/particuliers\/glossaire\/R42872\" data-definition=\"R42872\" data-xiti-name=\"Particuliers::Vos_droits::Navigation_Directe::m\u00e9nages\" data-title=\"Ensemble des occupants d'un m\u00eame logement sans que ces personnes soient n\u00e9cessairement unies par des liens de parent\u00e9 (cohabitation, par exemple). Un m\u00e9nage peut \u00eatre compos\u00e9 d'une seule personne.\" data-original-title=\"m\u00e9nages : Ensemble des occupants d'un m\u00eame logement sans que ces personnes soient n\u00e9cessairement unies par des liens de parent\u00e9 (cohabitation, par exemple). Un m\u00e9nage peut \u00eatre compos\u00e9 d'une seule personne.\">m\u00e9nages<\/a><\/dfn>\u00a0peuvent b\u00e9n\u00e9ficier de cette prime.<\/p>\n<p>Les ressources de l&rsquo;ensemble des personnes occupant le logement sont pris en compte pour fixer le montant de la prime. Ainsi, plus les ressources sont faibles, plus le montant de la prime est \u00e9lev\u00e9.<\/p>\n<p>La prime est soit vers\u00e9e par\u00a0<a href=\"https:\/\/www.service-public.fr\/particuliers\/vosdroits\/F2384\">virement bancaire<\/a>\u00a0ou ch\u00e8que, soit d\u00e9duite de votre facture, soit donn\u00e9e sous forme de\u00a0<span class=\"expression\"><em>bons d&rsquo;achats<\/em><\/span>\u00a0pour des produits de consommation courante.<\/p>\n\n\n<p><\/p>\n","protected":false},"excerpt":{"rendered":"<p>MaPrimeR\u00e9nov&rsquo; : la nouvelle prime pour la r\u00e9novation \u00e9nerg\u00e9tique Aides et cr\u00e9dits d&rsquo;imp\u00f4t Besoin de financer des travaux pour am\u00e9liorer le confort de votre logement ? Connaissez-vous MaPrimeR\u00e9nov&rsquo; ? En octobre 2020, cette aide de l&rsquo;\u00c9tat pour la r\u00e9novation \u00e9nerg\u00e9tique est renforc\u00e9e dans le cadre du\u00a0Plan de relance. Pouvez-vous en b\u00e9n\u00e9ficier ? Quel est son [&hellip;]<\/p>\n","protected":false},"author":1,"featured_media":0,"parent":0,"menu_order":0,"comment_status":"open","ping_status":"closed","template":"","meta":[],"_links":{"self":[{"href":"https:\/\/france-energy.com\/index.php?rest_route=\/wp\/v2\/pages\/204"}],"collection":[{"href":"https:\/\/france-energy.com\/index.php?rest_route=\/wp\/v2\/pages"}],"about":[{"href":"https:\/\/france-energy.com\/index.php?rest_route=\/wp\/v2\/types\/page"}],"author":[{"embeddable":true,"href":"https:\/\/france-energy.com\/index.php?rest_route=\/wp\/v2\/users\/1"}],"replies":[{"embeddable":true,"href":"https:\/\/france-energy.com\/index.php?rest_route=%2Fwp%2Fv2%2Fcomments&post=204"}],"version-history":[{"count":7,"href":"https:\/\/france-energy.com\/index.php?rest_route=\/wp\/v2\/pages\/204\/revisions"}],"predecessor-version":[{"id":411,"href":"https:\/\/france-energy.com\/index.php?rest_route=\/wp\/v2\/pages\/204\/revisions\/411"}],"wp:attachment":[{"href":"https:\/\/france-energy.com\/index.php?rest_route=%2Fwp%2Fv2%2Fmedia&parent=204"}],"curies":[{"name":"wp","href":"https:\/\/api.w.org\/{rel}","templated":true}]}}

Ma Prime rénov&rsquo; et prime coup de pouce

<div id="block-economie-page-title" class="block block-core block-page-title-block">
<h1 class="page-title"><span class="field field--name-title field--type-string field--label-hidden">MaPrimeRénov&rsquo; : la nouvelle prime pour la rénovation énergétique</span></h1>
</div>
<div id="block-economie-content" class="block block-system block-system-main-block">
<article class="node node--type-article node--view-mode-full particulier" role="article" data-history-node-id="84448">
<div class="article--infos">
<div class="">
<div class="field__item"><a href="https://www.economie.gouv.fr/toutes-les-actualites-vous-orienter/thematique/aides-et-credits-d-impot-7087">Aides et crédits d&rsquo;impôt</a></div>
</div>
</div>
<div class="node__content">
<div class="clearfix text-formatted field field--name-field-chapo field--type-text-long field--label-hidden field__item">
<p>Besoin de financer des travaux pour améliorer le confort de votre logement ? Connaissez-vous MaPrimeRénov&rsquo; ? En octobre 2020, cette aide de l&rsquo;État pour la rénovation énergétique est renforcée dans le cadre du <strong><a href="https://www.economie.gouv.fr/plan-de-relance">Plan de relance</a></strong>. Pouvez-vous en bénéficier ? Quel est son montant ?</p>
</div>
<div class="field field--name-field-paragraphes field--type-entity-reference-revisions field--label-hidden field__items">
<div class="field__item">
<div class="paragraph paragraph--type--contenu-libre paragraph--view-mode--default">
<div class="clearfix text-formatted field field--name-field-contenu-libre field--type-text-long field--label-hidden field__item">
<h2>MaPrimeRénov&rsquo; : qu’est-ce que c’est ?</h2>
<p>Lancée le 1<sup>er</sup> janvier 2020, MaPrimeRénov&rsquo; remplace le <a href="https://www.economie.gouv.fr/particuliers/credit-impot-transition-energetique-cite">crédit d’impôt pour la transition énergétique (CITE)</a> et les aides de l’<a class="ext" title="« anah.fr » dans une nouvelle fenêtre" href="https://www.anah.fr/" target="_blank" rel="noopener noreferrer">Agence nationale de l’Habitat (Anah)</a> « Habiter mieux agilité ». Dans le cadre du <a href="https://www.economie.gouv.fr/plan-de-relance">Plan de relance de l&rsquo;économie</a>, le <strong>dispositif a été renforcé depuis le 1<sup>er</sup> octobre 2020</strong>.</p>
<p>MaPrimeRénov&rsquo; est désormais <strong>accessible à tous les propriétaires et à toutes les copropriétés</strong>. Plusieurs bonifications sont également mises en place :</p>
<ul>
<li>un bonus sortie de passoire (lorsque les travaux permettent de sortir le  logement de l’état de passoire thermique &#8211; étiquette énergie F ou G)</li>
<li>un bonus bâtiment basse consommation (pour récompenser l’atteinte de l’étiquette énergie B ou A)</li>
<li>un forfait rénovation globale (pour les ménages aux revenus intermédiaires et supérieurs afin d’encourager les bouquets de travaux)</li>
<li>un forfait assistance à maîtrise d&rsquo;ouvrage (pour les ménages souhaitant se faire accompagner dans la réalisation de leurs travaux).</li>
</ul>
<h2>MaPrimeRénov&rsquo; : qui peut en bénéficier ?</h2>
<p><sup> </sup>MaPrimeRénov&rsquo; est ouverte à <strong>l&rsquo;ensemble des propriétaires depuis le 1<sup>er</sup> octobre 2020,</strong> et ce quels que soient vos revenus, que vous occupiez votre logement ou que vous le mettiez en location.</p>
<p>MaPrimeRénov&rsquo; est <strong>aussi accessible aux copropriétés</strong> pour les travaux dans les parties communes.</p>
<h2>MaPrimeRénov&rsquo; : pour quels montants et quels travaux ?</h2>
<p>MaPrimeRénov&rsquo; permet de financer les travaux d’isolation, de chauffage, de ventilation ou d’audit énergétique d’une maison individuelle ou d’un appartement en habitat collectif. Les travaux doivent avoir été effectués par des <a class="ext" title="« faire.gouv.fr » dans une nouvelle fenêtre" href="https://www.faire.gouv.fr/trouvez-un-professionnel" target="_blank" rel="noopener noreferrer">entreprises labellisées RGE (reconnues garantes pour l’environnement)</a>.</p>
<p>Le montant de la prime est forfaitaire. Il est calculé en fonction des revenus du foyer et du gain écologique permis par les travaux.</p>
<p>Pour chaque profil, correspond un montant de prime en fonction de la nature des travaux engagés. </p>
<p>Le <a class="ext" title="« ecologie.gouv.fr » dans une nouvelle fenêtre" href="https://www.ecologie.gouv.fr/" target="_blank" rel="noopener noreferrer">ministère de la Transition écologique et solidaire</a> a également élaboré un dossier dans lequel vous retrouverez les nouveaux barèmes.</p>
<h2>MaPrimeRénov&rsquo; : comment en bénéficier ?</h2>
<p>Les travaux ayant fait l&rsquo;objet de devis et commencés <strong>depuis le 1<sup>er</sup> octobre 2020</strong> sont éligibles aux nouvelles modalités de l&rsquo;aide, <strong>les dossiers de demande d&rsquo;aide MaPrimeRénov&rsquo; pouvant être déposés à compter du 1<sup>er</sup> janvier 2021 sur le site</strong> <strong><a class="ext" title="« maprimerenov.gouv.fr » dans une nouvelle fenêtre" href="https://www.maprimerenov.gouv.fr/prweb/PRAuth/BPNVwCpLW8TKW49zoQZpAw%5B%5B*/!STANDARD" target="_blank" rel="noopener noreferrer">www.maprimerenov.gouv.fr</a></strong>. Mais attention, dans ce cas, il est nécessaire de bien vérifier l’éligibilité des travaux prévus et le montant de l&rsquo;aide à laquelle vous pouvez prétendre selon votre profil. </p>
<h2>MaPrimeRénov&rsquo; : est-elle cumulable ?</h2>
<p><strong>Oui.</strong> Ma primeRénov&rsquo; est cumulable avec d’autres aides à la rénovation énergétique comme les Certificats d&rsquo;energies (CEE), la prime coup de pouce, ou encore les aides des collectivités locales ou celles d&rsquo;Action logement. Par ailleurs, vos travaux bénéficient d&rsquo;un taux réduit de <a href="https://www.economie.gouv.fr/particuliers/tva-taux-reduits-travaux">TVA à 5,5 %</a>.</p>
</div>
</div>
</div>
</div>
</div>
</article>
</div>
<p>Pour plus d&rsquo;informations, consultez le site de l&rsquo;<a href="http://www.ademe.fr/particuliers-eco-citoyens/financer-projet/renovation/dossier/credit-dimpot/credit-dimpot-transition-energetique-2016">ADEME </a></p>
<h3><strong>PRIME COUP DE POUCE</strong></h3>
<p>a prime énergie dite aussi <span class="expression"><em>Coup de pouce économies d&rsquo;énergie</em></span> permet de payer des dépenses pour le remplacement de son chauffage ou faire des travaux d&rsquo;isolation.</p>
<p>Elle est versée par les signataires des chartes <span class="expression"><em>Coup de pouce chauffage</em></span> et/ou <span class="expression"><em>Coup de pouce Isolation</em></span>, c&rsquo;est-à-dire principalement les vendeurs d&rsquo;énergie.</p>
<p>Cette prime peut être demandée jusqu&rsquo;au 31 décembre 2021.</p>
<p>Tous les <dfn><a title="ménages : Ensemble des occupants d'un même logement sans que ces personnes soient nécessairement unies par des liens de parenté (cohabitation, par exemple). Un ménage peut être composé d'une seule personne." href="https://www.service-public.fr/particuliers/glossaire/R42872" data-definition="R42872" data-xiti-name="Particuliers::Vos_droits::Navigation_Directe::ménages" data-title="Ensemble des occupants d'un même logement sans que ces personnes soient nécessairement unies par des liens de parenté (cohabitation, par exemple). Un ménage peut être composé d'une seule personne." data-original-title="ménages : Ensemble des occupants d'un même logement sans que ces personnes soient nécessairement unies par des liens de parenté (cohabitation, par exemple). Un ménage peut être composé d'une seule personne.">ménages</a></dfn> peuvent bénéficier de cette prime.</p>
<p>Les ressources de l&rsquo;ensemble des personnes occupant le logement sont pris en compte pour fixer le montant de la prime. Ainsi, plus les ressources sont faibles, plus le montant de la prime est élevé.</p>
<p>La prime est soit versée par <a href="https://www.service-public.fr/particuliers/vosdroits/F2384">virement bancaire</a> ou chèque, soit déduite de votre facture, soit donnée sous forme de <span class="expression"><em>bons d&rsquo;achats</em></span> pour des produits de consommation courante.</p>


<p></p>

<p>MaPrimeRénov&rsquo; : la nouvelle prime pour la rénovation énergétique Aides et crédits d&rsquo;impôt Besoin de financer des travaux pour améliorer le confort de votre logement ? Connaissez-vous MaPrimeRénov&rsquo; ? En octobre 2020, cette aide de l&rsquo;État pour la rénovation énergétique est renforcée dans le cadre du Plan de relance. Pouvez-vous en bénéficier ? Quel est son [&hellip;]</p>
