{"id":240,"date":"2016-04-05T12:57:15","date_gmt":"2016-04-05T12:57:15","guid":{"rendered":"http:\/\/france-energy.com\/?page_id=240"},"modified":"2016-04-05T12:57:15","modified_gmt":"2016-04-05T12:57:15","slug":"les-fenetres-aluminium","status":"publish","type":"page","link":"https:\/\/france-energy.com\/?page_id=240","title":{"rendered":"Les fen\u00eatres aluminium"},"content":{"rendered":"<p>La finesse des profil\u00e9s autorise un passage maximum<br \/>\nde la lumi\u00e8re. L\u2019aluminium b\u00e9n\u00e9ficie en outre d\u2019une tr\u00e8s grande<br \/>\nlong\u00e9vit\u00e9 et ne n\u00e9cessite aucun traitement ou entretien.<\/p>\n<p>Remplacer vos anciennes fen\u00eatres par des fen\u00eatres aluminium<br \/>\nvous permet donc de gagner en confort d\u2019entretien et en luminosit\u00e9.<\/p>\n<p><a href=\"http:\/\/france-energy.com\/wp-content\/uploads\/2016\/04\/photo-1-300x216.jpg\"><img decoding=\"async\" loading=\"lazy\" class=\"alignnone size-full wp-image-241\" src=\"http:\/\/france-energy.com\/wp-content\/uploads\/2016\/04\/photo-1-300x216.jpg\" alt=\"photo-1-300x216\" width=\"300\" height=\"216\" \/><\/a><br \/>\n\u2022 chassis \u00e0 double rupture de pont thermique<br \/>\n\u2022 joints d\u2019\u00e9tanch\u00e9it\u00e9<br \/>\n\u2022 syst\u00e8me d\u2019\u00e9vacuation anti-humidit\u00e9<br \/>\nDe m\u00eame, France Energy a apport\u00e9 un soin particulier<br \/>\n\u00e0 l\u2019esth\u00e9tique de vos fen\u00eatres :<br \/>\nl\u2019ouvrant restant invisible vu de l\u2019ext\u00e9rieur.<\/p>\n<p>France Energy offre des finitions de couleur au choix<br \/>\npour vos fen\u00eatres : plus de 20 coloris sont disponibles ainsi<br \/>\nque la bi-coloration.<\/p>\n<p><a href=\"http:\/\/france-energy.com\/wp-content\/uploads\/2016\/04\/Equipenergy-solutions-ecologiques-paris-energies-nouvelles-menuiserie-fenetre-ALU-general.png\"><img decoding=\"async\" loading=\"lazy\" class=\"alignnone size-full wp-image-242\" src=\"http:\/\/france-energy.com\/wp-content\/uploads\/2016\/04\/Equipenergy-solutions-ecologiques-paris-energies-nouvelles-menuiserie-fenetre-ALU-general.png\" alt=\"Equipenergy-solutions-ecologiques-paris-energies-nouvelles-menuiserie-fenetre-ALU-general\" width=\"879\" height=\"500\" srcset=\"https:\/\/france-energy.com\/wp-content\/uploads\/2016\/04\/Equipenergy-solutions-ecologiques-paris-energies-nouvelles-menuiserie-fenetre-ALU-general.png 879w, https:\/\/france-energy.com\/wp-content\/uploads\/2016\/04\/Equipenergy-solutions-ecologiques-paris-energies-nouvelles-menuiserie-fenetre-ALU-general-300x170.png 300w\" sizes=\"(max-width: 879px) 100vw, 879px\" \/><\/a><\/p>\n","protected":false},"excerpt":{"rendered":"<p>La finesse des profil\u00e9s autorise un passage maximum de la lumi\u00e8re. L\u2019aluminium b\u00e9n\u00e9ficie en outre d\u2019une tr\u00e8s grande long\u00e9vit\u00e9 et ne n\u00e9cessite aucun traitement ou entretien. Remplacer vos anciennes fen\u00eatres par des fen\u00eatres aluminium vous permet donc de gagner en confort d\u2019entretien et en luminosit\u00e9. \u2022 chassis \u00e0 double rupture de pont thermique \u2022 joints [&hellip;]<\/p>\n","protected":false},"author":1,"featured_media":0,"parent":0,"menu_order":0,"comment_status":"open","ping_status":"open","template":"","meta":[],"_links":{"self":[{"href":"https:\/\/france-energy.com\/index.php?rest_route=\/wp\/v2\/pages\/240"}],"collection":[{"href":"https:\/\/france-energy.com\/index.php?rest_route=\/wp\/v2\/pages"}],"about":[{"href":"https:\/\/france-energy.com\/index.php?rest_route=\/wp\/v2\/types\/page"}],"author":[{"embeddable":true,"href":"https:\/\/france-energy.com\/index.php?rest_route=\/wp\/v2\/users\/1"}],"replies":[{"embeddable":true,"href":"https:\/\/france-energy.com\/index.php?rest_route=%2Fwp%2Fv2%2Fcomments&post=240"}],"version-history":[{"count":1,"href":"https:\/\/france-energy.com\/index.php?rest_route=\/wp\/v2\/pages\/240\/revisions"}],"predecessor-version":[{"id":243,"href":"https:\/\/france-energy.com\/index.php?rest_route=\/wp\/v2\/pages\/240\/revisions\/243"}],"wp:attachment":[{"href":"https:\/\/france-energy.com\/index.php?rest_route=%2Fwp%2Fv2%2Fmedia&parent=240"}],"curies":[{"name":"wp","href":"https:\/\/api.w.org\/{rel}","templated":true}]}}