{"id":28,"date":"2014-07-22T23:40:35","date_gmt":"2014-07-22T23:40:35","guid":{"rendered":"http:\/\/france-energy.com\/?page_id=28"},"modified":"2019-12-10T22:04:39","modified_gmt":"2019-12-10T22:04:39","slug":"les-energies-renouvelables","status":"publish","type":"page","link":"https:\/\/france-energy.com\/?page_id=28","title":{"rendered":"Les energies renouvelables"},"content":{"rendered":"<p>La R\u00e9novation \u00e9nergie renouvelables<\/p>\n<p>Economies d&rsquo;\u00e9nergie<\/p>\n<p>Le soleil, l\u2019air, l\u2019eau, le vent et la terre sont des ressources naturelles capables<br \/>\nde g\u00e9n\u00e9rer de l\u2019\u00e9nergie gr\u00e2ce aux technologies d\u00e9velopp\u00e9es par les hommes.<br \/>\nLeur faible impact sur l\u2019environnement en fait des \u00e9nergies d\u2019avenir face au probl\u00e8me<br \/>\nde la gestion des d\u00e9chets du nucl\u00e9aire et aux \u00e9missions de gaz \u00e0 effet de serre.<br \/>\nCes \u00e9nergies naturelles sont une alternative aux \u00e9nergies fossiles,<br \/>\nelles sont in\u00e9puisables, gratuites et non polluantes.<\/p>\n<p>Confort<\/p>\n<p>Les produits, accessoires et mat\u00e9riaux propos\u00e9s vous facilitent la vie :<br \/>\nB\u00e9n\u00e9ficiez d\u2019une chaleur agr\u00e9able, commandes \u00e0 distance pour g\u00e9rer la temp\u00e9rature,<br \/>\nefficacit\u00e9 de l\u2019isolation en hiver comme en \u00e9t\u00e9, eau chaude quasi-gratuite \u00e0 volont\u00e9 \u2026<br \/>\nFaites entrer le progr\u00e8s dans votre maison !<\/p>\n<p>Esth\u00e9tique<\/p>\n<p>Des finitions impeccables tant \u00e0 l\u2019int\u00e9rieur qu\u2019\u00e0 l\u2019ext\u00e9rieur,<br \/>\nle respect de vos go\u00fbts personnels adapt\u00e9s \u00e0 ceux de votre r\u00e9gion ou de votre fa\u00e7ade.<br \/>\nAutant de param\u00e8tres qui contribuent \u00e0 int\u00e9grer votre habitat dans votre environnement<br \/>\navec bonheur et distinction.<\/p>\n<p>Valeur du patrimoine<\/p>\n<p>La r\u00e9novation r\u00e9guli\u00e8re de votre habitat \u00e9vite \u00e0 moyen terme des travaux bien plus co\u00fbteux.<br \/>\nUn bien immobilier \u00e9quip\u00e9 en \u00e9nergies renouvelables prend de la valeur.<br \/>\nProfiter longtemps de votre habitation principale ou secondaire.<\/p>\n","protected":false},"excerpt":{"rendered":"<p>La R\u00e9novation \u00e9nergie renouvelables Economies d&rsquo;\u00e9nergie Le soleil, l\u2019air, l\u2019eau, le vent et la terre sont des ressources naturelles capables de g\u00e9n\u00e9rer de l\u2019\u00e9nergie gr\u00e2ce aux technologies d\u00e9velopp\u00e9es par les hommes. Leur faible impact sur l\u2019environnement en fait des \u00e9nergies d\u2019avenir face au probl\u00e8me de la gestion des d\u00e9chets du nucl\u00e9aire et aux \u00e9missions de [&hellip;]<\/p>\n","protected":false},"author":1,"featured_media":0,"parent":0,"menu_order":0,"comment_status":"open","ping_status":"open","template":"","meta":[],"_links":{"self":[{"href":"https:\/\/france-energy.com\/index.php?rest_route=\/wp\/v2\/pages\/28"}],"collection":[{"href":"https:\/\/france-energy.com\/index.php?rest_route=\/wp\/v2\/pages"}],"about":[{"href":"https:\/\/france-energy.com\/index.php?rest_route=\/wp\/v2\/types\/page"}],"author":[{"embeddable":true,"href":"https:\/\/france-energy.com\/index.php?rest_route=\/wp\/v2\/users\/1"}],"replies":[{"embeddable":true,"href":"https:\/\/france-energy.com\/index.php?rest_route=%2Fwp%2Fv2%2Fcomments&post=28"}],"version-history":[{"count":3,"href":"https:\/\/france-energy.com\/index.php?rest_route=\/wp\/v2\/pages\/28\/revisions"}],"predecessor-version":[{"id":122,"href":"https:\/\/france-energy.com\/index.php?rest_route=\/wp\/v2\/pages\/28\/revisions\/122"}],"wp:attachment":[{"href":"https:\/\/france-energy.com\/index.php?rest_route=%2Fwp%2Fv2%2Fmedia&parent=28"}],"curies":[{"name":"wp","href":"https:\/\/api.w.org\/{rel}","templated":true}]}}