{"id":75,"date":"2014-07-24T13:41:31","date_gmt":"2014-07-24T13:41:31","guid":{"rendered":"http:\/\/france-energy.com\/?page_id=75"},"modified":"2022-11-29T01:45:57","modified_gmt":"2022-11-29T01:45:57","slug":"le-film-thermon-protecteur","status":"publish","type":"page","link":"https:\/\/france-energy.com\/?page_id=75","title":{"rendered":"Le film Thermo-r\u00e9flecteur"},"content":{"rendered":"<p>L\u2019\u00e9nergie environnante se propage sous forme d\u2019ondes<br \/>\n\u00e9lectromagn\u00e9tiques, c\u2019est le rayonnement thermique. Le principe<br \/>\nde la thermo-r\u00e9flexion ou r\u00e9flexion thermique repose sur la<br \/>\ncapacit\u00e9 d\u2019un isolant \u00e0 renvoyer les ondes de chaleur ou de froid.<br \/>\nEn fonction des surfaces rencontr\u00e9es, ces ondes vont \u00eatre<br \/>\nabsorb\u00e9es ou r\u00e9fl\u00e9chies. Contrairement aux isolants qui agissent<br \/>\npar absorption, les thermo-r\u00e9flecteurs vont renvoyer la chaleur<br \/>\net le froid.<\/p>\n<p>L\u2019efficacit\u00e9 des isolants multi-\u00e9paisseurs par r\u00e9flexion r\u00e9side<br \/>\ndans les propri\u00e9t\u00e9s physiques du syst\u00e8me gr\u00e2ce \u00e0 de multiples<br \/>\nr\u00e9flecteurs qui vont renvoyer 90% du rayonnement et augmenter<br \/>\nla r\u00e9sistance thermique des lames d\u2019air. En alternant r\u00e9flecteurs<br \/>\net mat\u00e9riaux peu conducteurs (ouate, mousse, film \u00e0 bulles), l\u2019effet<br \/>\nisolant est d\u00e9cupl\u00e9.<\/p>\n<p><span style=\"color: #008000;\">Avantages des isolants multicouches par thermo-r\u00e9flexion :<\/span><br \/>\n<span style=\"color: #008000;\">\u2022 Excellente protection contre la chaleur,<\/span><br \/>\n<span style=\"color: #008000;\"> le froid et les nuisances sonores.<\/span><br \/>\n<span style=\"color: #008000;\">\u2022 Syst\u00e8me totalement \u00e9tanche limitant les d\u00e9perditions<\/span><br \/>\n<span style=\"color: #008000;\"> thermiques dues au passage d\u2019air et \u00e0 l\u2019humidit\u00e9.<\/span><br \/>\n<span style=\"color: #008000;\">\u2022 Confort \u00e9t\u00e9 \/ hiver gr\u00e2ce \u00e0 leur r\u00e9activit\u00e9 quasi imm\u00e9diate d\u00e8s<\/span><br \/>\n<span style=\"color: #008000;\"> les premi\u00e8res minutes de chauffage ou de climatisation.<\/span><br \/>\n<span style=\"color: #008000;\">\u2022 Mat\u00e9riaux hypoallerg\u00e9niques non nocifs et non irritants<\/span><br \/>\n<span style=\"color: #008000;\"> compatibles en environnement alimentaire.<\/span><br \/>\n<span style=\"color: #008000;\">\u2022 Evite les probl\u00e8mes de xylophages et de rongeurs : la faible<\/span><br \/>\n<span style=\"color: #008000;\"> \u00e9paisseur des mat\u00e9riaux et son \u00e9tanch\u00e9it\u00e9, ne permet pas aux<\/span><br \/>\n<span style=\"color: #008000;\"> rongeurs de nicher, ni aux insectes de pass\u00e9.<\/span><\/p>\n<p><a href=\"http:\/\/france-energy.com\/wp-content\/uploads\/2014\/07\/france-energy-film-thermo.png\"><img decoding=\"async\" loading=\"lazy\" class=\"alignnone size-full wp-image-192\" src=\"http:\/\/france-energy.com\/wp-content\/uploads\/2014\/07\/france-energy-film-thermo.png\" alt=\"france energy film thermo\" width=\"879\" height=\"400\" srcset=\"https:\/\/france-energy.com\/wp-content\/uploads\/2014\/07\/france-energy-film-thermo.png 879w, https:\/\/france-energy.com\/wp-content\/uploads\/2014\/07\/france-energy-film-thermo-300x136.png 300w\" sizes=\"(max-width: 879px) 100vw, 879px\" \/><\/a><\/p>\n","protected":false},"excerpt":{"rendered":"<p>L\u2019\u00e9nergie environnante se propage sous forme d\u2019ondes \u00e9lectromagn\u00e9tiques, c\u2019est le rayonnement thermique. Le principe de la thermo-r\u00e9flexion ou r\u00e9flexion thermique repose sur la capacit\u00e9 d\u2019un isolant \u00e0 renvoyer les ondes de chaleur ou de froid. En fonction des surfaces rencontr\u00e9es, ces ondes vont \u00eatre absorb\u00e9es ou r\u00e9fl\u00e9chies. Contrairement aux isolants qui agissent par absorption, les [&hellip;]<\/p>\n","protected":false},"author":1,"featured_media":0,"parent":21,"menu_order":2,"comment_status":"open","ping_status":"open","template":"","meta":[],"_links":{"self":[{"href":"https:\/\/france-energy.com\/index.php?rest_route=\/wp\/v2\/pages\/75"}],"collection":[{"href":"https:\/\/france-energy.com\/index.php?rest_route=\/wp\/v2\/pages"}],"about":[{"href":"https:\/\/france-energy.com\/index.php?rest_route=\/wp\/v2\/types\/page"}],"author":[{"embeddable":true,"href":"https:\/\/france-energy.com\/index.php?rest_route=\/wp\/v2\/users\/1"}],"replies":[{"embeddable":true,"href":"https:\/\/france-energy.com\/index.php?rest_route=%2Fwp%2Fv2%2Fcomments&post=75"}],"version-history":[{"count":5,"href":"https:\/\/france-energy.com\/index.php?rest_route=\/wp\/v2\/pages\/75\/revisions"}],"predecessor-version":[{"id":591,"href":"https:\/\/france-energy.com\/index.php?rest_route=\/wp\/v2\/pages\/75\/revisions\/591"}],"up":[{"embeddable":true,"href":"https:\/\/france-energy.com\/index.php?rest_route=\/wp\/v2\/pages\/21"}],"wp:attachment":[{"href":"https:\/\/france-energy.com\/index.php?rest_route=%2Fwp%2Fv2%2Fmedia&parent=75"}],"curies":[{"name":"wp","href":"https:\/\/api.w.org\/{rel}","templated":true}]}}